- -1123102?
1201004
In base 15, what is b36e - -70?
b3de
In base 5, what is 240420 + -1314?
234101
In base 11, what is -2 + -124932a2?
-124932a4
In base 5, what is -114233034134 - 10?
-114233034144
In base 15, what is 20c - -4961b?
49828
In base 12, what is 5922 - 78b4?
-1b92
In base 16, what is -29 - -e1ca4f?
e1ca26
In base 7, what is 0 - 54211225?
-54211225
In base 6, what is 2 - -105144405?
105144411
In base 2, what is 1010100011011 - 10001010100?
1000011000111
In base 3, what is -10 + 1012222112122200?
1012222112122120
In base 9, what is -15 + -267817?
-267833
In base 5, what is -12401014 + 13343?
-12332121
In base 5, what is 40 - -10324240421?
10324241011
In base 16, what is 2cb3 - 127?
2b8c
In base 6, what is 225524155 + 5?
225524204
In base 4, what is 102211 - -22013022?
22121233
In base 10, what is 2 + -432696?
-432694
In base 9, what is 30 + 3610531?
3610561
In base 4, what is 233102232011022 + 11?
233102232011033
In base 3, what is -2021121 - -100211112?
21112221
In base 14, what is -4185a4 - 6?
-4185aa
In base 10, what is 65346604 - 5?
65346599
In base 15, what is 38aacc - -3?
38aad0
In base 12, what is -36260 - -7919?
-2a543
In base 2, what is 1001110 - -111110100010111?
111110101100101
In base 10, what is -1577 + 2417?
840
In base 8, what is -5 - -25637202?
25637175
In base 13, what is 9b052 + 6b?
9b0c0
In base 15, what is 5 - -13cdcb2?
13cdcb7
In base 3, what is 10100000001 - 2021?
10022220210
In base 12, what is 5435 + 248?
5681
In base 8, what is 57547260 - 2?
57547256
In base 2, what is -110 + -110011000011000111001000110?
-110011000011000111001001100
In base 13, what is 385a61 + 2?
385a63
In base 6, what is 41105422140 + -4?
41105422132
In base 6, what is 43143 - -12115?
55302
In base 6, what is 11100 - 40022?
-24522
In base 12, what is 555 - 5700?
-5167
In base 8, what is -11435 + 77236?
65601
In base 7, what is 34212640 - 34?
34212603
In base 5, what is -1244 + -11440343?
-11442142
In base 16, what is 19c3b0 + -34?
19c37c
In base 3, what is -12 + -211100202222?
-211100210011
In base 8, what is 5 + 76571617?
76571624
In base 9, what is -5 + -3746771?
-3746776
In base 9, what is -4232 + 455?
-3666
In base 3, what is -210001010111201202 + 10?
-210001010111201122
In base 11, what is -564962 + -9?
-564970
In base 14, what is -3a + 20a84?
20a48
In base 3, what is -222200120202111 - -11?
-222200120202100
In base 9, what is 5 - 77833?
-77827
In base 5, what is 1011 + 124111440?
124113001
In base 9, what is 206460873 - -2?
206460875
In base 14, what is 1500 + 91c?
201c
In base 8, what is 50116011 + -1?
50116010
In base 14, what is 56d5b77 + -4?
56d5b73
In base 9, what is 1 + -654457107?
-654457106
In base 13, what is -37 + 183169a?
1831663
In base 16, what is 411b87 - -5?
411b8c
In base 2, what is 10001011001010011010110 + 1?
10001011001010011010111
In base 3, what is -1121212 - -22210101?
21011112
In base 3, what is -112011010111101122 + 2?
-112011010111101120
In base 6, what is 10044555 + 4?
10045003
In base 8, what is 5036 - -110716?
115754
In base 10, what is -44 + -2909836?
-2909880
In base 9, what is -12 - 13885264?
-13885276
In base 9, what is 1670182 + -21?
1670161
In base 13, what is 149 - 2311b?
-22ca2
In base 15, what is -5ab5 - -36a3?
-2412
In base 11, what is -1776900 - 3?
-1776903
In base 10, what is 5402 - -6529?
11931
In base 15, what is -42 + 5aaa47?
5aaa05
In base 8, what is -5647 - 157053?
-164722
In base 14, what is 612 + -424a?
-3a38
In base 14, what is 21908d5 + 0?
21908d5
In base 9, what is 6 + 76761538?
76761545
In base 4, what is -13131 + 1313201303?
1313122112
In base 5, what is -44 + -13104?
-13203
In base 3, what is -2010112022202 - 120?
-2010112100022
In base 2, what is -1110110001101010110 - -10111?
-1110110001100111111
In base 2, what is -101101110001100111 - 11000?
-101101110001111111
In base 5, what is -30432 - -1434310?
1403323
In base 9, what is -3 + 14070300?
14070286
In base 13, what is -104c - 1854?
-28a3
In base 12, what is 40 - 5b579?
-5b539
In base 8, what is 310 - -23405?
23715
In base 3, what is 120000202101020 - 121?
120000202100122
In base 12, what is -1 + 41b8581?
41b8580
In base 11, what is -8507380 + 1?
-850737a
In base 16, what is 177a172 - -1?
177a173
In base 3, what is -1021210212121 - 1000?
-1021210220121
In base 5, what is -14041302321101 + -10?
-14041302321111
In base 15, what is -4 + 4a04?
4a00
In base 4, what is -213221 + -12013201?
-12233022
In base 3, what is -20101102 - 202111221?
-222220100
In base 13, what is -a5 - 42169?
-42241
In base 4, what is -31320033200112 + 11?
-31320033200101
In base 5, what is -344 + -1213442322?
-1213443221
In base 6, what is -1540 - -114330220?
114324240
In base 7, what is 3 - -12656624602?
12656624605
In base 10, what is -1 - 3184019?
-3184020
In base 3, what is -112122011010 - -2022101?
-112112211202
In base 2, what is -10101100110010010 + -10000?
-10101100110100010
In base 6, what is -2 - 1515043100?
-1515043102
In base 13, what is 276c - -489?
2c28
In base 13, what is -1a1ba2 + 87?
-1a1b18
In base 10, what is -448828514 + 0?
-448828514
In base 4, what is 300320332223 + 1?
300320332230
In base 8, what is 11101416 + 2?
11101420
In base 3, what is -2020010212212 + -1211?
-2020010221200
In base 2, what is -101101010101011000110111 + 1?
-101101010101011000110110
In base 9, what is -11 + 714551?
714540
In base 2, what is -10001111000011001000001111 - 0?
-10001111000011001000001111
In base 7, what is 31661 - 10005?
21653
In base 13, what is -16263675 - -4?
-16263671
In base 13, what is -102 + -4a73?
-4b75
In base 14, what is a8c + -2243?
-1595
In base 13, what is 736aa92 - 6?
736aa89
In base 6, what is -11 - -11132004?
11131553
In base 4, what is -1303123121013 + -2?
-1303123121021
In base 15, what is 7154 - -192?
72e6
In base 12, what is -401098 - -4?
-401094
In base 9, what is -26642 + -4?
-26646
In base 14, what is -12 + c933c?
c932a
In base 11, what is -1285532 + -25a?
-1285791
In base 9, what is -30 - 717860?
-718000
In base 2, what is 1001 + 1001010100101101111?
1001010100101111000
In base 3, what is -1 + 201022020200202?
201022020200201
In base 11, what is -3827475 + -7?
-3827481
In base 8, what is 376545 + 1222?
377767
In base 3, what is -10112212122121121 + 1?
-10112212122121120
In base 5, what is -30312433223 - -2?
-30312433221
In base 6, what is 12343 - 10101?
2242
In base 7, what is 6514 + 324642?
334456
In base 5, what is -113411142 + -43321?
-114010013
In base 16, what is 1b08d8 - da?
1b07fe
In base 16, what is -2 - 188833f?
-1888341
In base 12, what is -1 - 9b65b1?
-9b65b2
In base 16, what is -37418c - -7?
-374185
In base 11, what is 22 - 79a58aa?
-79a5888
In base 11, what is 1015162061 - 2?
101516205a
In base 5, what is -1 - -141144443104?
141144443103
In base 12, what is -bb7 - 60a1?
-7098
In base 13, what is a352c7 + -a0?
a35227
In base 14, what is -d - -282168?
282159
In base 14, what is -6b37a5 - 1?
-6b37a6
In base 3, what is -10021111022 - 1100001?
-10022211100
In base 13, what is -4 + -296a7ac?
-296a7b3
In base 9, what is 48135271 - 0?
48135271
In base 15, what is 7 + a2e721?
a2e728
In base 7, what is 1106363 - 23?
1106340
In base 11, what is -586 - -45a8aa?
45a324
In base 13, what is 1 + -90c21a?
-90c219
In base 15, what is 0 - ba8a?
-ba8a
In base 14, what is a927 + 23?
a94a
In base 2, what is -1111001010001110001110110 + 101?
-1111001010001110001110001
In base 8, what is -44767146 + 5?
-44767141
In base 4, what is 312 + -30211010?
-30210032
In base 6, what is 1415355333 + -5?
1415355324
In base 4, what is 222023022 - -100111?
222123133
In base 10, what is -368 + -358460?
-358828
In base 10, what is 94 + 30606?
30700
In base 10, what is 32 + 378639?
378671
In base 16, what is 2b + -21824?
-217f9
In base 14, what is -a129c2 - -3?
-a129bd
In base 12, what is 0 + -2b836?
-2b836
In base 16, what is 4869dc5f - -4?
4869dc63
In base 2, what is 111000 + 1011011111011000?
1011100000010000
In base 3, what is 1101220 + -1010011?
21202
In base 3, what is -212221 + -1002211010?
-1010201001
In base 7, what is -15366022 - -4?
-15366015
In base 14, what is -60052d + -23?
-600552
In base 4, what is -3023221211011 + -110?
-3023221211121
In base 6, what is -33 + -1124324?
-1124401
In base 8, what is 23 - 22747200?
-22747155
In base 3, wha